r be 861/9 + w/12. Calculate the greatest common factor of 12 and r.
12
Let d(r) = -r + 7. Let w = -13 + 18. Let y be d(w). Suppose -7 = -4*c - l, y*l + 0*l = -2*c + 2. What is the highest common factor of c and 18?
2
Let j = -26 - -28. Calculate the greatest common factor of 22 and j.
2
Let i(c) = -c - 11. Let r be i(-8). Let j be 7*(6/(-7))/r. Calculate the greatest common factor of 2 and j.
2
Let l(a) = 5*a**3 - 2*a**2 - 3*a + 3. Let b be l(2). What is the greatest common divisor of 203 and b?
29
Suppose 5*x - 24 - 26 = 0. What is the highest common factor of x and 90?
10
Suppose 0 = 2*i - 3 + 1. Let o be (-2 + 4)/(-5 - -3). Let g = 6 - o. What is the highest common factor of i and g?
1
Let v = -60 + 23. Let y = 63 + v. What is the greatest common divisor of 130 and y?
26
Let w = -14 + 102. What is the greatest common divisor of 8 and w?
8
Let r(y) = y**2 - 5*y - 6. Let x be r(-4). What is the greatest common factor of 30 and x?
30
Suppose 2*o - 7 = -n + 2, -5*n - 7 = -3*o. Calculate the greatest common factor of o and 32.
4
Let w(v) = -v**2 + 3*v - 1. Let a be w(3). Let i be (2/(-3))/(a/21). What is the highest common divisor of 21 and i?
7
Let r be 4 + ((-2)/(-1) - 0). Let p be (-14)/4*(-12)/21. Suppose 0 = p*g - 31 + 1. What is the greatest common divisor of g and r?
3
Let f = 1 + 4. Suppose -2*g = 4*o - 100, 3*g + 1 = f*o + 118. Suppose g = 4*a - 0*a. Calculate the highest common factor of a and 11.
11
Let q(a) = -a**2 + 10*a + 21. Let n be q(11). Calculate the highest common factor of n and 80.
10
Suppose 13 + 1 = 5*t - 2*f, t = 5*f + 12. Suppose -3*o = -t*o - 112. Calculate the highest common divisor of o and 14.
14
Let z(x) = -3*x**3 - 8*x**2 - 15*x. Let p be z(-5). Let a = -4 - -9. Suppose a*c - c = 100. Calculate the highest common divisor of c and p.
25
Let h(a) = -a**3 - 2*a**2 + 14*a + 1. Let y be h(-5). Calculate the highest common factor of 6 and y.
6
Suppose -a + 20 = 5. Let t be 5/a - 229/3. Let l = -54 - t. What is the highest common divisor of 55 and l?
11
Let k = 0 - -2. Suppose k*x - 36 = 5*c + 49, x - 44 = 3*c. What is the greatest common factor of 14 and x?
7
Let y = 251 + -86. What is the greatest common divisor of y and 33?
33
Let z(j) = -j**3 + 8*j**2 - j + 4. Let i be z(6). Suppose 2*s - 286 + 230 = 0. Calculate the highest common factor of i and s.
14
Let h be -2*-4*6/4. What is the highest common factor of 24 and h?
12
Let d(v) = -32*v**3 - v**2 + v. Let q be d(1). Let i = -15 - q. Calculate the greatest common factor of i and 17.
17
Suppose -18*f + 20*f = 42. What is the highest common factor of 28 and f?
7
Let h(s) = -s**3 - 7*s**2 - 2*s + 4. Let o be h(-7). Calculate the highest common divisor of 126 and o.
18
Let c(d) = d**3 + 9*d**2 - 13*d + 8. Let y be c(-10). What is the highest common divisor of y and 57?
19
Let w(h) = h**3 + h**2 - h. Let l(p) = 5*p**3 - 7*p**2 + 4*p + 1. Let g(u) = l(u) + 3*w(u). Let s be g(3). Calculate the highest common factor of s and 23.
23
Suppose -2*c = g - 13, 4*c - 10 = -3*g + 19. Suppose -l = -h - c, l - 2 = -3*l - 2*h. Suppose 0*r - l*r + 30 = 0. What is the highest common factor of r and 60?
15
Let o = 5 + -4. Let k = -9 - o. Let v = -7 - k. Calculate the highest common divisor of v and 3.
3
Let k be (-1)/2*(-63 - -3). Calculate the highest common factor of 20 and k.
10
Suppose -r + 11 = 3*r - 3*v, 0 = v + 1. What is the highest common factor of 3 and r?
1
Let u(x) = 2*x - 2. Let q be u(6). Let z be q/1*25/10. Calculate the greatest common divisor of 125 and z.
25
Let f(r) = r + 7 - 4*r**2 + 0*r**2 + 8*r - r**2 - r**3. Let g be f(-7). What is the highest common divisor of 6 and g?
6
Suppose 2*t - 43 = -3*d, -t + 8*d + 38 = 4*d. Let z = -8 - -47. Calculate the greatest common factor of t and z.
13
Let x(y) = 4*y + 4. Let f be x(5). Let q = 9 + 7. Calculate the highest common divisor of q and f.
8
Suppose 0 = -2*s + 44 + 16. Let w = 60 - s. Let j = -4 - -10. Calculate the greatest common divisor of j and w.
6
Let z(v) = 2*v. Let h be z(2). Suppose 0*w - 248 = -4*w. Suppose -h*q + 10 = -w. What is the greatest common factor of q and 18?
18
Let r = 43 + -15. What is the greatest common factor of r and 224?
28
Let v(x) = 2*x**3 - 2*x**2 + x - 2. Let t be v(2). Let m be 1/4 - (-62)/t. Let d be 40 + -1 + -1 + 2. What is the highest common factor of m and d?
8
Suppose -v = 2*p + 2*p - 621, 3*p - 487 = -5*v. What is the highest common divisor of p and 14?
14
Suppose 2*p - u - 46 = u, p + 3*u - 43 = 0. Let x(f) = -3*f - 2. Let r be x(-2). What is the highest common divisor of p and r?
4
Suppose -60 = -2*a - 3*a. Calculate the greatest common divisor of a and 12.
12
Let n(h) = h**3 + 3*h**2 - h + 3. Let w be n(-3). Suppose -34 + 8 = 2*o. Let a = 15 + o. Calculate the highest common factor of a and w.
2
Let s be (-7)/((-7)/(-3))*-3. What is the greatest common divisor of 12 and s?
3
Suppose 0*r + 54 = 3*r. What is the greatest common factor of 12 and r?
6
Suppose -l = -24 + 5. Calculate the greatest common factor of l and 209.
19
Let r(u) = -2*u - 2*u + 8 - 2*u + 3*u. Let z be r(-6). Suppose -3*k = -3*l + 33, 5*k - z - 3 = -2*l. Calculate the highest common factor of 72 and l.
12
Let z(s) be the first derivative of -s**3/3 - 7*s**2/2 - 6*s + 1. Let y be z(-5). Suppose 3*n - 52 = -y. Calculate the greatest common divisor of 48 and n.
16
Let o = -15 + 33. Calculate the greatest common divisor of o and 144.
18
Let v(c) = -8*c + 6. Let t(m) = m - 1. Let a(o) = 4*t(o) + v(o). Let u be a(-7). What is the greatest common factor of 45 and u?
15
Let n(m) = 4 - 1 - 6 + m + 4*m**2 - m**3 - m**2. Let r be n(-2). What is the highest common divisor of 10 and r?
5
Suppose 0 = -4*u + 4, 4*t - 37 = -3*u + 18. Let i(h) = h**2 - 2*h + 11. Let k be i(-8). Calculate the highest common divisor of k and t.
13
Let y(h) = 17*h**2 + 2*h - 3. Let z be y(1). Let x be 4 + -1 + (-3 - -4). What is the highest common divisor of z and x?
4
Suppose 4*i = 3*i + 13. Let x = 85 + -59. Suppose x = p - 0*p. What is the greatest common factor of p and i?
13
Let x(b) = 15*b**2 + 11*b - 14. Let g(u) = 7*u**2 + 5*u - 7. Let z(m) = -13*g(m) + 6*x(m). Let f be z(0). Calculate the highest common divisor of 7 and f.
7
Let y be (-5)/(-1) - 6/2. Let j be y + -3 + (-9)/(-1). Let r be 0 - 4*1*-16. What is the highest common divisor of j and r?
8
Let b(m) = m + 45. Let s be b(4). What is the highest common divisor of 14 and s?
7
Let v = 8 - 3. Suppose v*y + 7 + 88 = 0. Let m = y + 179. Calculate the highest common divisor of 16 and m.
16
Let z be (-2 - -6 - 2) + 47. Calculate the highest common factor of z and 7.
7
Let l be (2 - (4 + 0))*87/(-6). What is the highest common divisor of 1 and l?
1
Suppose -3*k + 6*k = -6. Let l = -1 - k. Calculate the highest common divisor of l and 8.
1
Let r = 443 - 431. Let y = -23 - -59. Suppose 5*t - 177 = -4*q, -5*t + t + y = q. What is the greatest common factor of q and r?
12
Let x be (-3)/(1*4/(-180)*3). Calculate the greatest common divisor of 9 and x.
9
Suppose 0 = w + 4*w - 20. Suppose 3*m - 4*j + 27 = 2*m, -2*j + 8 = 0. Let z = -1 - m. Calculate the greatest common divisor of z and w.
2
Let t = -8 + 8. Suppose t = 2*n - 5*s - 14, 5*s = n - 13 + 1. Suppose -n*l + 49 - 17 = 0. Calculate the greatest common factor of l and 128.
16
Suppose 0 = 3*d + d - 180. Let m be (12/1)/(-12)*(-14 - 1). Calculate the greatest common factor of m and d.
15
Suppose 2*a - 5*j = 5*a + 3, a = 5*j - 1. Let q be (-4)/((3 - a)/(-12)). Calculate the highest common divisor of 120 and q.
12
Suppose 2 = 3*j - 4, 3*k + 4*j = 74. Let u = 0 - -2. Calculate the greatest common factor of u and k.
2
Let l = 758 + -99. Let f be (-3)/(-12) + l/4. Let s be (6/4)/((-5)/(-50)). What is the greatest common divisor of f and s?
15
Let f(j) = j**3 + j**2 - 3*j + 1. Let d be f(2). Let p be (-210)/(-9)*9/6. What is the greatest common divisor of d and p?
7
Suppose 4*f = 6*f - 16. Let g be (-2)/((-6)/(-5))*-15. Suppose f + 9 = y + 5*k, 2*y + k = g. What is the highest common factor of 96 and y?
12
Suppose -b = -2*d + b + 6, -4*d + 15 = -b. Let j be d + 0 - (3 - 13). Suppose -5*v + 126 = -154. What is the greatest common factor of j and v?
14
Suppose 9*p - 7 = 227. What is the greatest common divisor of 234 and p?
26
Let b be (-2)/10 + (